 12 a factor of 3237480?
True
Does 2 divide 168061869?
False
Does 42 divide 11858448?
True
Is 220582531 a multiple of 534?
False
Is 14 a factor of 37907926?
True
Does 307 divide 1067503470?
True
Does 710 divide 45116240?
True
Is 8719204 a multiple of 3?
False
Is 808 a factor of 72606048?
False
Does 286 divide 78137675?
False
Is 8 a factor of 495776053?
False
Is 1330924322 a multiple of 132?
False
Is 18 a factor of 1030370927?
False
Is 189 a factor of 446480181?
True
Is 62 a factor of 21115696?
False
Is 4940 a factor of 39905853?
False
Is 40116044 a multiple of 258?
False
Is 15 a factor of 710434530?
True
Does 96 divide 107433792?
True
Is 54 a factor of 2741921050?
False
Does 82 divide 34683294?
True
Is 163 a factor of 1141775250?
False
Does 307 divide 139768504?
True
Does 11 divide 53828665?
True
Is 346 a factor of 102671002?
True
Does 149 divide 330586002?
True
Is 9489214 a multiple of 149?
True
Is 656 a factor of 1836700073?
False
Is 16 a factor of 79080896?
True
Is 495 a factor of 1311577740?
True
Does 199 divide 17505433?
True
Is 2190 a factor of 26714892?
False
Does 9 divide 6650146?
False
Is 68 a factor of 65761168?
True
Does 5 divide 149852830?
True
Is 55 a factor of 193702423?
False
Is 69133256 a multiple of 115?
False
Is 324744379 a multiple of 149?
False
Does 1786 divide 70901010?
False
Is 13 a factor of 517248121?
True
Is 903 a factor of 59910570?
False
Is 153580050 a multiple of 810?
True
Is 14 a factor of 150608850?
True
Does 494 divide 326933968?
False
Does 13 divide 13116376?
True
Is 8 a factor of 82842344?
True
Does 11 divide 11291258?
True
Is 7511027 a multiple of 82?
False
Is 597928569 a multiple of 469?
True
Is 3 a factor of 67114883?
False
Is 2944 a factor of 110102656?
True
Is 24406981 a multiple of 875?
False
Is 515088644 a multiple of 59?
True
Is 2140113262 a multiple of 6792?
False
Is 528478 a multiple of 10?
False
Does 4 divide 32005002?
False
Is 492 a factor of 106903236?
True
Is 20584477 a multiple of 3889?
True
Does 31 divide 3344497?
True
Is 21533706 a multiple of 59?
False
Does 849 divide 124477833?
True
Is 621410160 a multiple of 359?
False
Is 320 a factor of 289788918?
False
Does 2758 divide 38750423?
False
Does 4 divide 6736364?
True
Does 1204 divide 228693466?
False
Is 5 a factor of 2285030?
True
Is 69 a factor of 4925655?
False
Is 14005325 a multiple of 10?
False
Is 145 a factor of 27988190?
True
Is 2946018 a multiple of 9?
False
Is 16 a factor of 69616853?
False
Is 2072 a factor of 127187226?
False
Is 271044572 a multiple of 3989?
True
Is 28 a factor of 3509512944?
True
Is 2024 a factor of 391362664?
True
Is 2291731068 a multiple of 353?
True
Is 4098 a factor of 200228280?
True
Is 1283631627 a multiple of 649?
False
Does 6 divide 28163580?
True
Does 6 divide 9090624?
True
Does 27 divide 24820128?
True
Is 43087422 a multiple of 685?
False
Is 813394540 a multiple of 92?
True
Is 555 a factor of 547041855?
True
Is 58493577 a multiple of 9?
False
Does 431 divide 464876600?
True
Does 79 divide 92627816?
True
Does 612 divide 3827448?
True
Is 213852200 a multiple of 10?
True
Is 26650680 a multiple of 21?
True
Is 714580130 a multiple of 17?
False
Is 153072545 a multiple of 5?
True
Does 5691 divide 282907133?
False
Is 4 a factor of 1383325320?
True
Is 56 a factor of 40845419?
False
Does 26 divide 120585726?
False
Is 12 a factor of 310168812?
True
Does 101 divide 858201343?
True
Is 70 a factor of 20146181?
False
Is 279505323 a multiple of 124?
False
Is 951 a factor of 35679618?
True
Is 10 a factor of 27792980?
True
Does 16 divide 16240400?
True
Is 897631251 a multiple of 84?
False
Does 689 divide 105398918?
False
Is 164338762 a multiple of 349?
False
Does 17 divide 131218526?
False
Is 70131465 a multiple of 365?
True
Is 158 a factor of 123495644?
True
Is 582652986 a multiple of 222?
True
Is 1453323520 a multiple of 16?
True
Is 7 a factor of 7199010?
True
Is 50 a factor of 95700?
True
Is 912 a factor of 4316404800?
True
Does 15 divide 3231759105?
True
Does 2698 divide 91114158?
True
Is 349 a factor of 458487366?
False
Is 22032468 a multiple of 61?
True
Is 649 a factor of 889377918?
True
Does 147 divide 1718755235?
False
Is 4172 a factor of 1168881756?
True
Is 37442061 a multiple of 2043?
True
Does 3639 divide 59322978?
True
Is 271353129 a multiple of 17?
False
Does 402 divide 128795400?
False
Is 71 a factor of 1362456494?
False
Is 1428415255 a multiple of 150?
False
Does 182 divide 58709014?
True
Does 202 divide 175336606?
True
Is 50 a factor of 12028013?
False
Is 350 a factor of 1468513176?
False
Does 156 divide 46095192?
True
Is 16119 a factor of 204002064?
True
Is 20564343 a multiple of 416?
False
Is 32 a factor of 178266212?
False
Is 1733291 a multiple of 3?
False
Is 109 a factor of 53994176?
False
Is 151231873 a multiple of 1339?
False
Does 106 divide 9399550?
True
Does 23 divide 25678408?
False
Does 314 divide 108575009?
False
Is 21 a factor of 213810172?
False
Does 34 divide 35276938?
True
Is 894350861 a multiple of 525?
False
Is 29669008 a multiple of 13?
False
Is 47209350 a multiple of 5442?
True
Is 47 a factor of 50386350?
True
Does 25 divide 520175569?
False
Is 11 a factor of 208039889?
False
Does 468 divide 147063725?
False
Is 51 a factor of 87761445?
False
Is 37013352 a multiple of 116?
False
Does 27 divide 14771183?
False
Is 1234962 a multiple of 266?
False
Does 97 divide 13940812?
False
Is 5 a factor of 27780110?
True
Does 35 divide 152596990?
True
Is 438525217 a multiple of 697?
True
Is 11207818 a multiple of 6?
False
Is 5887275 a multiple of 15?
True
Does 955 divide 21823093?
False
Is 74611886 a multiple of 449?
False
Is 476 a factor of 240498875?
False
Is 59020693 a multiple of 3?
False
Is 504079371 a multiple of 47?
True
Is 415 a factor of 3928805?
True
Is 15268363 a multiple of 191?
False
Does 20 divide 39200512?
False
Is 3535 a factor of 162931685?
True
Is 1928292160 a multiple of 2144?
True
Is 35765189 a multiple of 132?
False
Does 16 divide 96688224?
True
Does 34 divide 316158690?
True
Is 272 a factor of 175783264?
True
Is 5507098235 a multiple of 11905?
True
Is 1323400 a multiple of 26?
True
Is 35499500 a multiple of 100?
True
Is 1655038348 a multiple of 26?
False
Does 13 divide 222063517?
True
Is 216816418 a multiple of 1162?
True
Is 21 a factor of 34073085?
False
Is 243 a factor of 69165675?
False
Does 442 divide 34481794?
False
Is 376 a factor of 257344928?
True
Is 22 a factor of 10138115?
False
Does 8 divide 1782486?
False
Is 54438931 a multiple of 12?
False
Is 1403 a factor of 886599193?
True
Is 34100102 a multiple of 351?
False
Is 363036021 a multiple of 1715?
False
Does 1767 divide 3082822758?
False
Is 51 a factor of 52750371?
True
Is 10 a factor of 59054450?
True
Is 144212076 a multiple of 213?
True
Is 86 a factor of 154848160?
True
Does 7 divide 51479869?
True
Does 623 divide 1357130112?
False
Does 152 divide 19927936?
False
Is 1758103830 a multiple of 30?
True
Is 12 a factor of 890680788?
True
Does 4 divide 7059216?
True
Is 29222700 a multiple of 127?
True
Is 58891672 a multiple of 17?
True
Is 216 a factor of 7331688?
True
Does 140 divide 22064420?
True
Does 54 divide 25013448?
True
Is 1862 a factor of 422951438?
True
Does 63 divide 291633930?
True
Is 273430346 a multiple of 1026?
False
Does 7 divide 48832767?
False
Is 214 a factor of 36020480?
True
Is 571280 a multiple of 40?
True
Is 2465 a factor of 25828761?
False
Is 14 a factor of 124104722?
True
Is 1084613546 a multiple of 3334?
True
Is 80918113 a multiple of 52?
False
Is 32634092 a multiple of 1316?
False
Is 1036873349 a multiple of 1204?
False
Is 65 a factor of 34922563?
False
Is 23869812 a multiple of 6?
True
Is 20825918 a multiple of 26?
False
Is 2846928 a multiple of 42?
True
Does 11 divide 16241556?
False
Is 75517131 a multiple of 25?
False
Does 21 divide 1030037085?
True
Does 657 divide 1023084306?
False
Is 102948840 a multiple of 2052?
True
Does 301 divide 340540865?
True
Is 88 a factor of 83904128?
True
Is 2484 a factor of 271670112?
True
Is 25692807 a multiple of 21?
True
Is 4868 a factor of 260681400?
True
Is 2058 a factor of 1018102890?
True
Is 13529684 a multiple of 4?
True
Is 1062 a factor of 783411912?
True
Is 17 a factor of 75489558?
False
Is 47 a factor of 4108693?
True
Is 60791694 a multiple of 51?
True
Does 